Let c be 5 + 19/(5/m). Calculate the greatest common factor of 6 and c.
6
Let g = -768 + 801. Calculate the greatest common factor of 1452 and g.
33
Suppose 4*s = 2*s + 38. Let d = -6 - -1. Let u = d - -62. Calculate the highest common factor of s and u.
19
Let m(t) = 28*t - 105. Let c be m(13). What is the highest common factor of 37 and c?
37
Let n be 4257/36*1/(3/12). What is the greatest common factor of n and 172?
43
Let w be ((-3)/4)/(6/(-96)). Let d = 270 - 138. Calculate the highest common factor of d and w.
12
Suppose 5*m = 4*z - 2*z - 37, 5*m = -4*z + 119. What is the greatest common divisor of z and 13?
13
Let a = -170 - -118. Let s = a + 60. Calculate the highest common divisor of s and 4.
4
Let m be 13 + -14 - (-1958 + -6). What is the greatest common divisor of m and 13?
13
Suppose 15 - 13 = g. Let w be (g - -6)/(-2) + 5. What is the highest common divisor of w and 1?
1
Let q(z) = 3*z**2 - 11*z - 3. Let j(n) = -8*n**2 + 33*n + 9. Let l(u) = 4*j(u) + 11*q(u). Let h be l(-12). Calculate the greatest common factor of h and 30.
15
Let i be ((-4)/(-6))/((-8)/(-84)) - -643. What is the highest common divisor of 150 and i?
50
Let n be -1 + (7/(-21) - (-40)/3). Let u = 25 - 13. What is the highest common factor of u and n?
12
Suppose 4*u - 28 = s, -4 = -4*u + 3*s + 32. Let z(q) = -q**3 - 5*q**2 + 6*q + 10. Let x be z(-7). What is the greatest common divisor of u and x?
6
Let i(t) = -t**2 + 4*t + 15. Let a = 89 - 83. Let h be i(a). Calculate the highest common divisor of 27 and h.
3
Let v = 20 + -199. Let o = -140 - v. Calculate the highest common divisor of o and 3.
3
Let i = 8 - 5. Suppose 0 = -3*u - 5*y + 33, -i*u + 15 = y - 6. Let x be u/14 - (-683)/7. What is the greatest common divisor of x and 14?
14
Let g be (1 - -3 - -1) + 3. Calculate the greatest common factor of g and 72.
8
Let n = 710 + -699. What is the greatest common divisor of n and 341?
11
Suppose -7 = 2*q - 27. Suppose -10 = -y + q. Suppose y - 5 = 5*b. What is the greatest common factor of 9 and b?
3
Suppose -2*f + 0*f = -f. Suppose 5*s - 138 + 28 = f. What is the greatest common divisor of s and 11?
11
Suppose -4*z + 20 = 0, 3*i - 31 = -0*i + z. Suppose 9*s = 10*s - i. Calculate the greatest common factor of 18 and s.
6
Suppose -2*m - 4*o + 0*o - 18 = 0, -3*o - 8 = -4*m. Let v(a) = 144*a**2 - 3*a - 2. Let j be v(m). What is the greatest common divisor of 29 and j?
29
Suppose 23*c + 110 = 28*c. Calculate the greatest common factor of 2 and c.
2
Let i(m) = -7*m + 1. Let k be i(-1). Let p be (-6)/k - -67*5/20. Calculate the greatest common factor of 128 and p.
16
Suppose 4*f - 4*a - 188 = 0, -3*f - 2*a - a + 147 = 0. Let p(g) = -4*g + 4. Let t be p(6). Let d = t + 44. What is the greatest common divisor of f and d?
24
Let g = 377 - 331. What is the highest common factor of 414 and g?
46
Let u(t) = -2*t**2 - t + 35. Let v = 27 + -27. Let n be u(v). Calculate the highest common divisor of n and 14.
7
Let f be (-54)/12*8/(-6)*13. Calculate the greatest common divisor of 4 and f.
2
Let z = 444 - 417. What is the greatest common factor of 36 and z?
9
Let q be 3/6 - (-2)/8*6. Suppose 0*j + 10 = 5*j - s, -q*j + 4 = 3*s. Let v = 11 + -8. What is the greatest common divisor of v and j?
1
Let g = 7 - -6. Suppose -47 + 50 = m. Suppose -4*n + m*n = -g. Calculate the greatest common divisor of 65 and n.
13
Suppose 3*a - 4*d = 17, -4*a - 3 = 5*d - 5. Calculate the greatest common factor of 96 and a.
3
Let f be (21/4 - 1)/((-145)/(-580)). What is the highest common factor of f and 544?
17
Suppose -v + 88 = -2*m, 2*m - 3*m = 2*v - 176. Let u be (-3)/6*2*-11. Calculate the greatest common divisor of v and u.
11
Let b(d) = -4 - 251*d + 248*d + 6*d**2 + 0*d**2 - d**3. Let q be b(4). Let t be (-3)/(-1 + (-13)/(-16)). What is the highest common factor of q and t?
16
Let d = -18 + 19. Let m(f) = -f**2 - 14*f - 23. Let l be m(-12). Calculate the greatest common factor of l and d.
1
Suppose i - 3*u = 2, -4*i + u + 4 = -3*i. Let h = i + -2. Let f be (9/2)/h*2. What is the highest common factor of f and 15?
3
Let k(j) = j**3 + 6*j**2 - 7*j - 7. Let d be k(-6). Let c be 6 + 5 + -3*8/6. Calculate the highest common factor of d and c.
7
Suppose 4*n + 259 = -5*j + 42, -5*n = -4*j + 261. Let x = -33 + -1. Let r = x - n. Calculate the greatest common factor of r and 171.
19
Let r be (-13 - -8)*6/(-10) - -26. Let c = -244 + 360. Calculate the greatest common divisor of c and r.
29
Suppose -3*w - 15 - 4 = -5*f, w = 5*f - 13. Suppose 0 = f*o + 2*o - 204. Suppose -3*g = -y + o, -y + g = 5*g - 30. What is the highest common factor of y and 6?
6
Suppose 22034 = 5*g + 5*f - 3*f, 0 = 5*f + 15. Let r be g/20 - 2/5. What is the highest common divisor of r and 20?
20
Let w be (-10)/((-250)/(-395))*-10. Calculate the highest common factor of w and 1185.
79
Let t = -44 - -46. Let z = 58 + t. What is the greatest common divisor of z and 24?
12
Let i be ((-6)/4)/(4 - 460/112). Let a(h) = 3*h**2 - 6*h - 2. Let o be a(-4). Calculate the greatest common divisor of i and o.
14
Let i(b) = -b**2 + 8*b - 1. Let d be i(6). Let w(u) = -u**3 - 5*u - 7. Let q be w(-4). Calculate the greatest common divisor of q and d.
11
Let b be 4 - (-3 + 2) - (-75 + -1). Calculate the highest common divisor of b and 63.
9
Suppose 8*x - 255 = 97. Let i be ((-242)/x)/((-1)/18). What is the highest common divisor of 22 and i?
11
Let x be 3/((-3028)/608 + 5). What is the greatest common factor of x and 8?
8
Let f be ((-2847)/26)/(2/4). Let k = -142 - f. Suppose 5*v = 28 + 7. What is the highest common divisor of k and v?
7
Let z be (9/18)/((-50)/320)*(-3 - 2). Let d = 181 + -117. Calculate the highest common factor of d and z.
16
Suppose -15*c = 375 - 930. Calculate the highest common factor of c and 1.
1
Let y = -17 - -8. Let u be 6*((-3)/y + 0). Suppose -2*a = u*a - 36. Calculate the highest common factor of 9 and a.
9
Let g = 575 - 467. What is the highest common divisor of g and 972?
108
Let b = 460 - 271. What is the highest common divisor of b and 14?
7
Let l = -7 - -4. Let h be (1 - 2)/(l/(-141)). Let p = 105 - h. What is the greatest common divisor of 19 and p?
19
Suppose -23*w + 27 = -22*w. Suppose -d + 0 = -2. Suppose d*t - 9 = t. What is the highest common divisor of t and w?
9
Let b(h) = -3*h**2 + 190*h - 38. Let p be b(51). What is the greatest common divisor of 86 and p?
43
Suppose -63 = -5*r + 4*w, -2*r = 5*w - 2*w - 39. Suppose 1 - 31 = -r*l. What is the highest common factor of l and 1?
1
Let k be (-36)/66 + (-4242)/(-33). Calculate the highest common divisor of k and 48.
16
Suppose -3160 = 25*l - 65*l. What is the greatest common divisor of 237 and l?
79
Let m(o) = 2*o - 8. Let x be 116/6 + 10/15 + -1. Let c be m(x). What is the greatest common factor of c and 20?
10
Suppose -10324 = -10*f - 9184. What is the highest common factor of 1140 and f?
114
Let k(c) = -c**2 + 68*c + 12. Let n be k(66). Calculate the highest common divisor of n and 32.
16
Let c(j) = -18*j - 708. Let o be c(-51). Calculate the highest common factor of o and 56.
14
Let b = -74 + 38. Let x = b + 42. Calculate the greatest common divisor of x and 6.
6
Suppose 6*z + 14 = 446. Calculate the greatest common factor of 48 and z.
24
Let d = -15 - -26. Let u(o) = o**2 - 3*o - 6. Let y be -4*((-20)/(-16) - 3). Let a be u(y). What is the highest common divisor of a and d?
11
Let v(m) = -10*m - 610. Let g be v(-70). What is the highest common factor of 198 and g?
18
Let u = -50 + 52. Let x be (300/(-18))/(u/(-3)). Calculate the greatest common divisor of x and 10.
5
Let u = -2306 - -2502. Calculate the greatest common divisor of u and 364.
28
Let z = 126 + -72. Suppose 7*m = m + z. Suppose -94 = -7*l + 32. Calculate the greatest common divisor of m and l.
9
Let n(v) = 2*v**2 - 4*v. Let j be n(-5). Suppose 5*b - 175 = 5*u, 5*u - 2*u - 140 = -4*b. Calculate the highest common divisor of b and j.
35
Let q(x) = 2*x - 48. Let v be q(20). Let u be ((-18)/v)/(-9) + (-1066)/(-8). Calculate the greatest common divisor of u and 19.
19
Suppose -5*t - 189 + 4 = 0. Let w = 39 + t. Calculate the highest common factor of w and 22.
2
Let j(q) = -q**3 - 7*q**2 - q. Suppose -5*o = 52 - 17. Let s be j(o). Calculate the greatest common divisor of 63 and s.
7
Let h be -5 - 1 - -27*28